{"id":13,"date":"2009-05-22T09:53:22","date_gmt":"2009-05-22T14:53:22","guid":{"rendered":"http:\/\/timonel.com.co\/?page_id=13"},"modified":"2009-06-25T08:47:22","modified_gmt":"2009-06-25T13:47:22","slug":"estrategia-de-negocio","status":"publish","type":"page","link":"https:\/\/timonel.com.co\/?page_id=13","title":{"rendered":"Estrategia de negocio"},"content":{"rendered":"<ul>\n<li>Analizamos oportunidades de crecimiento<br \/>\ny desarrollo de los ingresos de los negocios a<br \/>\ntrav\u00e9s de la estructuraci\u00f3n (revisi\u00f3n y creaci\u00f3n )<br \/>\nde la estrategia del negocio.<\/li>\n<\/ul>\n<ul>\n<li>Podemos ofrecer soluciones en estrategia y<br \/>\norganizaci\u00f3n a todo tipo de empresas,<br \/>\nen sectores din\u00e1micos y en plena expansi\u00f3n,<br \/>\ncomo en mercados estables con reducidas oportunidades<br \/>\nde crecimiento. Gracias a nuestro enfoque hol\u00edstico<br \/>\nen el desarrollo de estrategias innovadoras,<br \/>\nusted podr\u00e1 dise\u00f1ar un futuro ambicioso y<br \/>\nrealista para su compa\u00f1\u00eda.<\/li>\n<\/ul>\n<ul>\n<li>El \u00e9xito de una empresa depende de su capacidad<br \/>\npara adaptarse de forma efectiva a nuevos<br \/>\nretos y al cambio constante en el mercado.<br \/>\nCombinamos nuestro conocimiento con capacidades<br \/>\nde dise\u00f1o organizacional para desarrollar e implementar<br \/>\nprocesos y organizaciones de alto rendimiento.<\/li>\n<\/ul>\n<ul>\n<li>Le ayudamos a adaptarse a los nuevos retos y al cambio constante,<br \/>\nimplementando iniciativas de alto impacto y desarrollando<br \/>\nestrategias innovadoras para el futuro de su compa\u00f1\u00eda.<\/li>\n<\/ul>\n<div style=\"position: absolute; left: 250px; top: 17px; width: 405px; height: 389px;\"><img decoding=\"async\" class=\"aligncenter size-full wp-image-294\" style=\"top: 1px; left: 10px; width: 371px; height: 371px;\" title=\"qwerf4\" src=\"http:\/\/timonel.com.co\/wp-content\/uploads\/2009\/05\/qwerf4.png\" alt=\"qwerf4\" \/><\/div>\n","protected":false},"excerpt":{"rendered":"<p>Analizamos oportunidades de crecimiento y desarrollo de los ingresos de los negocios a trav\u00e9s de la estructuraci\u00f3n (revisi\u00f3n y creaci\u00f3n ) de la estrategia del negocio. Podemos ofrecer soluciones en estrategia y organizaci\u00f3n a todo tipo de empresas, en sectores din\u00e1micos y en plena expansi\u00f3n, como en mercados estables con reducidas oportunidades de crecimiento. Gracias [&hellip;]<\/p>\n","protected":false},"author":1,"featured_media":0,"parent":66,"menu_order":1,"comment_status":"open","ping_status":"closed","template":"","meta":{"footnotes":""},"class_list":["post-13","page","type-page","status-publish","hentry"],"_links":{"self":[{"href":"https:\/\/timonel.com.co\/index.php?rest_route=\/wp\/v2\/pages\/13","targetHints":{"allow":["GET"]}}],"collection":[{"href":"https:\/\/timonel.com.co\/index.php?rest_route=\/wp\/v2\/pages"}],"about":[{"href":"https:\/\/timonel.com.co\/index.php?rest_route=\/wp\/v2\/types\/page"}],"author":[{"embeddable":true,"href":"https:\/\/timonel.com.co\/index.php?rest_route=\/wp\/v2\/users\/1"}],"replies":[{"embeddable":true,"href":"https:\/\/timonel.com.co\/index.php?rest_route=%2Fwp%2Fv2%2Fcomments&post=13"}],"version-history":[{"count":19,"href":"https:\/\/timonel.com.co\/index.php?rest_route=\/wp\/v2\/pages\/13\/revisions"}],"predecessor-version":[{"id":15,"href":"https:\/\/timonel.com.co\/index.php?rest_route=\/wp\/v2\/pages\/13\/revisions\/15"}],"up":[{"embeddable":true,"href":"https:\/\/timonel.com.co\/index.php?rest_route=\/wp\/v2\/pages\/66"}],"wp:attachment":[{"href":"https:\/\/timonel.com.co\/index.php?rest_route=%2Fwp%2Fv2%2Fmedia&parent=13"}],"curies":[{"name":"wp","href":"https:\/\/api.w.org\/{rel}","templated":true}]}}