{"id":20,"date":"2009-05-22T10:01:35","date_gmt":"2009-05-22T15:01:35","guid":{"rendered":"http:\/\/timonel.com.co\/?page_id=20"},"modified":"2009-06-26T14:50:51","modified_gmt":"2009-06-26T19:50:51","slug":"desarrollo-de-procesos-innovacion","status":"publish","type":"page","link":"https:\/\/timonel.com.co\/?page_id=20","title":{"rendered":"Desarrollo de procesos Innovaci\u00f3n"},"content":{"rendered":"<p><img loading=\"lazy\" decoding=\"async\" class=\"aligncenter size-full wp-image-287\" title=\"desarrollo-de-procesos-de-i4\" src=\"http:\/\/timonel.com.co\/wp-content\/uploads\/2009\/05\/desarrollo-de-procesos-de-i4.png\" alt=\"desarrollo-de-procesos-de-i4\" width=\"442\" height=\"251\" \/><\/p>\n<div style=\"position: absolute; left: -14px; top: 67px; width: 530px; height: 167px;\">\n<ul>\n<li>Ayudamos a nuestros clientes a establecer prioridades en el proceso de innovaci\u00f3n, a desarrollar las aptitudes necesarias y a sacar el m\u00e1ximo partido de sus inversiones. Asesoramos a las empresas para que puedan acelerar sus procesos de innovaci\u00f3n en productos y servicios.<\/li>\n<\/ul>\n<ul>\n<li>Apoyamos el mejoramiento de la capacidad y habilidad de su organizaci\u00f3n para innovar, lo cual es la manera m\u00e1s efectiva de incrementar la rentabilidad y el crecimiento.<\/li>\n<\/ul>\n<p style=\"text-align: center;\">\n<\/div>\n","protected":false},"excerpt":{"rendered":"<p>Ayudamos a nuestros clientes a establecer prioridades en el proceso de innovaci\u00f3n, a desarrollar las aptitudes necesarias y a sacar el m\u00e1ximo partido de sus inversiones. Asesoramos a las empresas para que puedan acelerar sus procesos de innovaci\u00f3n en productos y servicios. Apoyamos el mejoramiento de la capacidad y habilidad de su organizaci\u00f3n para innovar, [&hellip;]<\/p>\n","protected":false},"author":1,"featured_media":0,"parent":66,"menu_order":2,"comment_status":"open","ping_status":"closed","template":"","meta":{"footnotes":""},"class_list":["post-20","page","type-page","status-publish","hentry"],"_links":{"self":[{"href":"https:\/\/timonel.com.co\/index.php?rest_route=\/wp\/v2\/pages\/20","targetHints":{"allow":["GET"]}}],"collection":[{"href":"https:\/\/timonel.com.co\/index.php?rest_route=\/wp\/v2\/pages"}],"about":[{"href":"https:\/\/timonel.com.co\/index.php?rest_route=\/wp\/v2\/types\/page"}],"author":[{"embeddable":true,"href":"https:\/\/timonel.com.co\/index.php?rest_route=\/wp\/v2\/users\/1"}],"replies":[{"embeddable":true,"href":"https:\/\/timonel.com.co\/index.php?rest_route=%2Fwp%2Fv2%2Fcomments&post=20"}],"version-history":[{"count":38,"href":"https:\/\/timonel.com.co\/index.php?rest_route=\/wp\/v2\/pages\/20\/revisions"}],"predecessor-version":[{"id":338,"href":"https:\/\/timonel.com.co\/index.php?rest_route=\/wp\/v2\/pages\/20\/revisions\/338"}],"up":[{"embeddable":true,"href":"https:\/\/timonel.com.co\/index.php?rest_route=\/wp\/v2\/pages\/66"}],"wp:attachment":[{"href":"https:\/\/timonel.com.co\/index.php?rest_route=%2Fwp%2Fv2%2Fmedia&parent=20"}],"curies":[{"name":"wp","href":"https:\/\/api.w.org\/{rel}","templated":true}]}}