{"id":490,"date":"2010-07-26T09:25:23","date_gmt":"2010-07-26T14:25:23","guid":{"rendered":"http:\/\/timonel.com.co\/?page_id=490"},"modified":"2010-08-04T23:23:34","modified_gmt":"2010-08-05T04:23:34","slug":"procesos-y-proyectos","status":"publish","type":"page","link":"https:\/\/timonel.com.co\/?page_id=490","title":{"rendered":"Procesos y Proyectos"},"content":{"rendered":"<table style=\"text-align: left; width: 632px; height: 402px;\" border=\"0\">\n<tbody>\n<tr>\n<td>\u00a0<\/td>\n<td style=\"text-align: center;\"><strong>\u00a0<\/strong><\/td>\n<td>\u00a0<\/td>\n<\/tr>\n<tr>\n<td>\n<p style=\"text-align: center;\"><a href=\"http:\/\/timonel.com.co\/?page_id=497\"><strong>CADENA DE VALOR Y MAPA<\/strong><\/a><\/p>\n<p style=\"text-align: center;\"><a href=\"http:\/\/timonel.com.co\/?page_id=497\"><strong>DE PROCESOS<\/strong><\/a><\/p>\n<p style=\"text-align: center;\">\u00a0\u00a0Apoyamos a la organizaci\u00f3n en<\/p>\n<p style=\"text-align: center;\">la identificaci\u00f3n del mapa<\/p>\n<p style=\"text-align: center;\">procesos como elementos<\/p>\n<p style=\"text-align: center;\">para desarrollo y gesti\u00f3n<\/p>\n<p style=\"text-align: center;\">organizacional<\/p>\n<\/td>\n<td><img loading=\"lazy\" decoding=\"async\" class=\"aligncenter size-full wp-image-493\" title=\"nuevo-11\" src=\"http:\/\/timonel.com.co\/wp-content\/uploads\/2010\/07\/nuevo-11.jpg\" alt=\"nuevo-11\" width=\"248\" height=\"268\" \/><\/td>\n<td>\n<p style=\"text-align: center;\">\u00a0<a href=\"http:\/\/timonel.com.co\/?page_id=43\"><strong>GERENCIAMIENTO DE<\/strong><\/a><\/p>\n<p style=\"text-align: center;\"><a href=\"http:\/\/timonel.com.co\/?page_id=43\"><strong>PROYECTOS<\/strong><\/a><\/p>\n<p style=\"text-align: center;\">Ofrecemos servicios de<\/p>\n<p style=\"text-align: center;\">gesti\u00f3n de proyectos para<\/p>\n<p style=\"text-align: center;\">garantizar la consecuci\u00f3n<\/p>\n<p style=\"text-align: center;\">de los objetivos, la calidad<\/p>\n<p style=\"text-align: center;\">de los resultados\u00a0y la<\/p>\n<p style=\"text-align: center;\">adecuaci\u00f3n\u00a0de\u00a0los costos<\/p>\n<p style=\"text-align: center;\">al presupuesto asignado<\/p>\n<p>\u00a0<\/td>\n<\/tr>\n<\/tbody>\n<\/table>\n","protected":false},"excerpt":{"rendered":"<p>\u00a0 \u00a0 \u00a0 CADENA DE VALOR Y MAPA DE PROCESOS \u00a0\u00a0Apoyamos a la organizaci\u00f3n en la identificaci\u00f3n del mapa procesos como elementos para desarrollo y gesti\u00f3n organizacional \u00a0GERENCIAMIENTO DE PROYECTOS Ofrecemos servicios de gesti\u00f3n de proyectos para garantizar la consecuci\u00f3n de los objetivos, la calidad de los resultados\u00a0y la adecuaci\u00f3n\u00a0de\u00a0los costos al presupuesto asignado \u00a0<\/p>\n","protected":false},"author":1,"featured_media":0,"parent":0,"menu_order":4,"comment_status":"closed","ping_status":"closed","template":"","meta":{"footnotes":""},"class_list":["post-490","page","type-page","status-publish","hentry"],"_links":{"self":[{"href":"https:\/\/timonel.com.co\/index.php?rest_route=\/wp\/v2\/pages\/490","targetHints":{"allow":["GET"]}}],"collection":[{"href":"https:\/\/timonel.com.co\/index.php?rest_route=\/wp\/v2\/pages"}],"about":[{"href":"https:\/\/timonel.com.co\/index.php?rest_route=\/wp\/v2\/types\/page"}],"author":[{"embeddable":true,"href":"https:\/\/timonel.com.co\/index.php?rest_route=\/wp\/v2\/users\/1"}],"replies":[{"embeddable":true,"href":"https:\/\/timonel.com.co\/index.php?rest_route=%2Fwp%2Fv2%2Fcomments&post=490"}],"version-history":[{"count":17,"href":"https:\/\/timonel.com.co\/index.php?rest_route=\/wp\/v2\/pages\/490\/revisions"}],"predecessor-version":[{"id":492,"href":"https:\/\/timonel.com.co\/index.php?rest_route=\/wp\/v2\/pages\/490\/revisions\/492"}],"wp:attachment":[{"href":"https:\/\/timonel.com.co\/index.php?rest_route=%2Fwp%2Fv2%2Fmedia&parent=490"}],"curies":[{"name":"wp","href":"https:\/\/api.w.org\/{rel}","templated":true}]}}